63. Suppose h = -c + w, 36 = 5*c + h - 117. What is the units digit of c?
1
Let o(j) = -j**2 - 13*j - 4. Let i(a) = a**2 - 1 + 0*a + 9*a - 2*a. Let g be i(-5). What is the units digit of o(g)?
8
Let u = 23 - 10. Let j = 16 - u. Suppose p - 26 = 5*v, -j*p - 2*v = -10 - 51. What is the units digit of p?
1
Suppose 5*v + 652 = 3*s, -4*s + 884 = -9*v + 6*v. What is the hundreds digit of s?
2
What is the hundreds digit of (((-124250)/(-15))/7)/(2/9)?
3
What is the thousands digit of 3 + -1 + (-23 - -1706)?
1
Let j(w) = 34*w**2 - 5*w. Let b be 8/(-12)*-3 - 0. Let o be j(b). Suppose -3*m - 5*p = -50 - o, -5*m + 340 = -p. What is the units digit of m?
7
Let g = -282 - -361. What is the units digit of g?
9
Let r(l) = -12 - 3*l + l**3 - l + l + 9*l**2. Let m be ((-27)/(-12))/((-5)/20). What is the units digit of r(m)?
5
Suppose 0 = 2*u + 4*y - 0 - 14, 4*u - y = 46. Suppose 5*g = 4 + u. Suppose g*a = 2*h - 23, -3*a + 57 = 6*h - 3*h. What is the tens digit of h?
1
What is the tens digit of (-11)/22 - (10470/4)/(-5)?
2
Let v(i) = -i**3 + 4*i**2 + i - 2. Let x be v(2). Let u = x - -18. What is the tens digit of u?
2
Let w = 97 - 26. What is the units digit of w + 4/8*-2?
0
Let s be (-28 + 19)*1/(-3). Suppose s*k - 2*k - 59 = 0. What is the tens digit of k?
5
Let t(q) = 8 - 2 - 3*q + 32*q + 19*q. Let d be t(2). What is the units digit of 10/(-15)*d/(-4)?
7
Let a = -2087 + 4154. What is the units digit of a?
7
Let g(b) = 2*b**3 - 4*b**2 - b - 2. Let z(d) = -d + 10. Let k be z(6). What is the units digit of g(k)?
8
Let f(l) = l**2 + 5*l + 10. Let w be 8/10 + (-62)/(-10). Let i be f(w). Suppose i = -0*c + 2*c. What is the units digit of c?
7
Let v(h) be the first derivative of h**5/20 - 19*h**4/24 - 10*h**3/3 - 3. Let q(j) be the third derivative of v(j). What is the tens digit of q(12)?
5
Suppose 1243 + 1322 = 4*j + 3*v, v - 2567 = -4*j. Let y = j + -409. What is the hundreds digit of y?
2
Let m = -217 + 1143. What is the tens digit of m?
2
Let f = 10 - 0. Suppose 3*c - 4*h - 45 + 20 = 0, 4*h = -2*c - f. Suppose 0 = -3*u - 4*x + 131, u + 8*x = c*x + 29. What is the units digit of u?
9
Let f(m) = -8*m**2 + 2*m. Suppose 0 = 4*h + b + 2*b, 5*b + 20 = 0. Let n be f(h). Let u = n - -99. What is the units digit of u?
3
Let t(k) = -k**2 + 11*k + 3. Let r be t(11). Suppose 2*h + 91 = r*h. Suppose -h = -6*x - x. What is the tens digit of x?
1
Let j(m) = -m - 10. Let d be j(-8). Let l(c) = -1 - 2*c + 5*c**2 + 3 + 1 - 6. What is the tens digit of l(d)?
2
Let t(z) = 410*z - 1077. What is the units digit of t(7)?
3
Suppose -3*s - 2*s - 23 = 3*w, s - 2 = 0. Let f = 46 + w. What is the units digit of f?
5
Suppose 6*i - 5*i = 712. What is the hundreds digit of i?
7
Let n = 11 + 12. Let o = 57 - n. What is the tens digit of o?
3
Let x(n) = 4 + 3*n**2 + 3*n**2 + n**3 - n**3 - n**3. Let q be x(6). What is the tens digit of 7*q/(-8)*-18?
6
Let p(n) = -213*n - 21. Let v be p(2). Let w = 675 + v. What is the hundreds digit of w?
2
Suppose 0 = 2*l - 5*l + 9. Let d = 0 - l. What is the units digit of 1 + d/(9/(-3))?
2
Let i = 531 - 317. What is the tens digit of i?
1
Let u = 91 - 89. Suppose -4*m + 160 + 123 = 5*i, u*m + 6 = 0. What is the tens digit of i?
5
Let r(t) = 113*t - 191. What is the hundreds digit of r(22)?
2
Suppose 52 = -5*w + 137. Suppose -w = -2*v + v. Let p = v - 13. What is the units digit of p?
4
Suppose 42 - 3 = 13*f. What is the units digit of (4/(-14))/(f/(-1491))?
2
Let x(r) = -41*r + 59. What is the thousands digit of x(-41)?
1
Let b(k) = -2*k**2 - 5*k - 31. Let a(p) = -2*p**2 - 6*p - 30. Let l(c) = -4*a(c) + 3*b(c). What is the hundreds digit of l(-10)?
1
Let b(i) = -i**3 - i**2 + 16*i - 20. What is the hundreds digit of b(-8)?
3
Let g(q) be the second derivative of 3*q**4/4 + q**3 + 5*q**2/2 + 9*q. What is the tens digit of g(-2)?
2
Let n be (-6*(-4)/(-8))/(2/(-250)). Suppose -25 = 5*o - n. What is the units digit of o?
0
Let p = 305 + -109. What is the tens digit of p?
9
Let n be (3/(-3)*3)/((-9)/6). Suppose n*s - 3*c = s + 215, -4*s = c - 873. What is the tens digit of s?
1
Suppose 2260 = 9*c - 2294. What is the tens digit of c?
0
What is the hundreds digit of 339*(15/5 + -2)?
3
Let h(z) = -78*z - 14. What is the units digit of h(-7)?
2
What is the units digit of 2/((-180)/(-168378)) + (-12)/(-90)?
1
Let w be ((1848 - 3)/3)/(6/8). Suppose -51*r = -56*r + w. What is the hundreds digit of r?
1
Suppose -2*q + 2*z = -4, 2*z + 19 = -0*q + 5*q. Suppose -19*d - 109 = -2408. Suppose -q*y - g = -d, 0 = 4*y + 3*g - 14 - 85. What is the units digit of y?
4
What is the units digit of 1 - 11590/(-6) - (-8)/24?
3
Let h(f) = f**3 + 46*f**2 + 72*f - 63. What is the hundreds digit of h(-44)?
6
Let d = -5 - -12. Let v(u) = 1 - d*u + 17*u + 14*u. What is the tens digit of v(1)?
2
Let d be 24 + (4 - 1 - 1). Suppose -6*j - 4 - d = 0. What is the tens digit of (j - 3)*1*-8?
6
Let h(t) = t**3 - 9*t**2 + 4*t + 4. Let l be h(6). Let g = -44 - l. What is the units digit of g?
6
Suppose -4*h - 2*g = -22, 10 + 9 = 3*h + g. Suppose 3*j + 790 = h*j. What is the tens digit of j?
5
Suppose 0 = -15*i + 16706 - 3101. What is the hundreds digit of i?
9
Let n(d) = -6*d + 4. Let r be n(1). What is the tens digit of ((-31)/(-2) + r)/(1/4)?
5
Let s = 50 - 54. What is the units digit of s/4 - (-2 - 6)?
7
Let h be (1 + 1)/((-8)/(-20)). Suppose 0 = -h*y - 25, 5*c - 9 - 111 = -5*y. Suppose 7 = -m + c. What is the tens digit of m?
2
What is the hundreds digit of 3 + (8 - 8) + 253?
2
Suppose 4*j - 18 = -5*n, -n = -j - j + 2. Suppose -n*y + 5*y - 39 = 0. Suppose -5*w = 3 - y. What is the units digit of w?
2
Let f(o) = -12*o + 6. Let b(i) = -i**2 + 5*i. Let c be b(6). What is the tens digit of f(c)?
7
Suppose -m - 3*m = 0. Suppose 0*l - 4*l + 16 = 0. Suppose m = -2*q + l*q - 42. What is the tens digit of q?
2
Let o(v) = -65*v + 155. Let t(y) = -1 + 3*y - 5 - 3 + 2. Let s(g) = -2*o(g) - 45*t(g). What is the tens digit of s(-5)?
3
Let o(h) = -13*h**2 - 13*h - 10. Let m be o(-5). Let p be ((-1)/(-3))/(10/m). What is the tens digit of (-3)/p - (-426)/18?
2
Let l(f) = -f**2 - 3*f + 18. Let q be l(-6). Suppose -5*h = -q*h - 235. What is the units digit of h?
7
Suppose 1307 + 3115 = 6*b. What is the units digit of b?
7
Let j = -46 + 221. What is the hundreds digit of 2/(-1) + (j - 2)?
1
Suppose -684361 = -161*q - 238713. What is the thousands digit of q?
2
Suppose -1566 = -35*g - 23*g. What is the tens digit of g?
2
Let z be 1*(1 + 8 + 1). Let n(k) = k - 2. Let i be n(z). Suppose 9*o = i*o + 36. What is the units digit of o?
6
Let z(u) = -3*u + 16. Let b be z(5). What is the tens digit of 143/52*4*b?
1
Let t(h) = h**3 - 14*h**2 + 9*h - 17. Let g be t(13). Let q = 251 + g. What is the hundreds digit of q?
1
What is the tens digit of (-5216)/(-24)*(14 + (-1 - -2))?
6
Let x(f) = 13*f**2 + 5*f - 31. What is the units digit of x(-11)?
7
Let d(c) = 2*c - 18. Let a be d(10). Let h(y) be the second derivative of 5*y**3/2 - y**2 + y. What is the tens digit of h(a)?
2
Let g(c) = 11*c + 90. What is the hundreds digit of g(48)?
6
Let p(t) = 21*t**2 + 9*t - 6. What is the tens digit of p(4)?
6
Let u(f) = f + 7. Let w be u(-7). Suppose k + k - 98 = w. What is the tens digit of k?
4
Let t be (-140)/15 + (-1)/(-3). Let w(c) = -23*c + 58. What is the tens digit of w(t)?
6
Let y(m) = -11*m - 81. What is the units digit of y(-21)?
0
Let d(j) = -2*j**2 + 2*j + 2. Let p be d(2). What is the units digit of ((-11)/(-11))/(p/(-326))?
3
Suppose 12718 + 2818 = 8*y. What is the tens digit of y?
4
Suppose 5*v - 216 = 114. Let b = 102 - v. What is the units digit of b?
6
Let o(c) = c + 28. Let d be o(-26). Suppose 0 = -d*w + 96 + 208. What is the hundreds digit of w?
1
Let n(s) = -17*s**2 - 2*s - 5. Let c(o) = 33*o**2 + 4*o + 9. Let i(r) = 6*c(r) + 11*n(r). What is the tens digit of i(2)?
4
Let v = -1395 - -2039. What is the tens digit of v?
4
Suppose 0 = 3*k - 411 - 240. Suppose -2*t - k = -5*g, -3*g + 3 + 124 = 2*t. What is the units digit of g?
3
Let c(o) = 3*o**2 - 6*o + 17. Let x be c(3). What is the units digit of -2*x*(1 + -2)?
2
Let v(u) = -82*u + 83. What is the hundreds digit of v(-17)?
4
Suppose 2 = 2*y - 6. Suppose -y*t - 3*j + 0*j = -257, 0 = 2*t - 4*j - 156. Suppose -t = -c + 3*d, -c + 89 = -5*d + 19. What is the units d